
Does 14 divide 118300?
True
Does 70 divide 123900?
True
Is 175001 even?
False
Is 5 a factor of 1396091?
False
Is 2543967 a multiple of 171?
True
Is 97 a factor of 47916?
False
Does 98 divide 10696700?
True
Is 4515206 a multiple of 15?
False
Is 25 a factor of 69210?
False
Does 84 divide 5073408?
False
Is 2279052 a multiple of 87?
True
Is 218916 a multiple of 36?
True
Is 3380839 a multiple of 7?
True
Is 11 a factor of 5089325?
False
Is 78 a factor of 135096?
True
Is 9079793 a multiple of 159?
False
Does 71 divide 39787?
False
Does 209 divide 1881?
True
Is 220 a factor of 247944?
False
Is 743 a factor of 2148013?
True
Does 407 divide 3242902?
False
Is 341 a factor of 224869?
False
Is 41702 a multiple of 35?
False
Is 8 a factor of 7272?
True
Does 545 divide 3268826?
False
Does 181 divide 2071183?
True
Is 163857 a multiple of 339?
False
Is 74 a factor of 790289?
False
Does 340 divide 1951260?
True
Is 154 a factor of 59752?
True
Does 13 divide 296162?
False
Is 17 a factor of 23391214?
False
Does 644 divide 92736?
True
Is 235657 a multiple of 6?
False
Is 9 a factor of 969219?
True
Is 2059941 a multiple of 169?
True
Does 13 divide 9792458?
True
Does 24 divide 316008?
True
Does 163 divide 476441?
False
Is 34118 a multiple of 14?
True
Is 80 a factor of 23270720?
True
Is 42 a factor of 65772?
True
Is 30140 a multiple of 257?
False
Is 34 a factor of 353226?
True
Is 120 a factor of 97113?
False
Is 12969736 a multiple of 52?
True
Does 201 divide 302400?
False
Is 277384 a multiple of 223?
False
Is 123390 a multiple of 18?
True
Is 61 a factor of 4481731?
True
Is 6314 a multiple of 154?
True
Does 28 divide 109204?
False
Is 32 a factor of 64126?
False
Does 147 divide 132300?
True
Is 16 a factor of 39463?
False
Is 9368 a multiple of 4?
True
Is 17 a factor of 1781328?
True
Is 171 a factor of 696141?
True
Does 8 divide 174968?
True
Does 257 divide 38036?
True
Does 12 divide 152094?
False
Is 154 a factor of 22052192?
False
Does 20 divide 788300?
True
Is 1384242 a multiple of 51?
True
Is 657570 a multiple of 138?
True
Is 13346890 a multiple of 10?
True
Is 39745 a multiple of 2?
False
Does 6 divide 167953?
False
Is 30 a factor of 2207430?
True
Does 19 divide 116451?
True
Is 303331 a multiple of 18?
False
Is 20 a factor of 2011809?
False
Is 5 a factor of 624955?
True
Is 376 a factor of 1120899?
False
Is 236402 a multiple of 58?
False
Is 7 a factor of 606774?
True
Is 835108 a multiple of 2?
True
Is 10 a factor of 5495760?
True
Is 13 a factor of 3685894?
False
Is 930960 a multiple of 108?
True
Is 15 a factor of 7137865?
False
Is 52 a factor of 930020?
True
Does 410 divide 325950?
True
Is 862 a factor of 18102862?
True
Is 3 a factor of 186225?
True
Does 792 divide 510845?
False
Is 86 a factor of 163815?
False
Is 2843677 a multiple of 159?
False
Does 16 divide 1262071?
False
Does 4 divide 2495300?
True
Does 73 divide 12984218?
True
Is 173988 a multiple of 1074?
True
Is 84161 a multiple of 11?
True
Is 599526 a multiple of 107?
False
Does 55 divide 802306?
False
Is 133 a factor of 7843436?
False
Is 310155 a multiple of 28?
False
Is 1045841 a multiple of 15?
False
Is 9288 a multiple of 86?
True
Does 603 divide 1312731?
True
Does 1512 divide 7974288?
True
Does 42 divide 7446480?
False
Is 157 a factor of 913897?
True
Does 15 divide 4249630?
False
Is 213188 a multiple of 28?
False
Is 55 a factor of 461835?
True
Is 1612352 a multiple of 425?
False
Is 4683869 a multiple of 21?
False
Is 352200 a multiple of 11?
False
Is 7 a factor of 621276?
False
Does 42 divide 129119?
False
Is 76 a factor of 1395626?
False
Is 3 a factor of 17062?
False
Is 18 a factor of 16894674?
True
Is 371350 a multiple of 23?
False
Is 6057237 a multiple of 1299?
True
Is 187 a factor of 2212771?
True
Is 923547 a multiple of 5?
False
Is 52 a factor of 4506788?
True
Does 13 divide 295646?
True
Does 28 divide 8589560?
True
Does 99 divide 712235?
False
Is 23651 a multiple of 591?
False
Is 7 a factor of 40698?
True
Is 536050 a multiple of 4?
False
Is 17470368 a multiple of 288?
True
Does 114 divide 933888?
True
Does 375 divide 1574667?
False
Is 169 a factor of 104273?
True
Is 108120 a multiple of 68?
True
Is 867051 a multiple of 72?
False
Is 154048 a multiple of 232?
True
Does 97 divide 658824?
True
Does 70 divide 306586?
False
Is 84224 a multiple of 94?
True
Is 6 a factor of 58290?
True
Is 9949865 a multiple of 32?
False
Is 1022 a factor of 4100264?
True
Does 21 divide 44856?
True
Is 387072 a multiple of 112?
True
Does 17 divide 10527926?
False
Does 23 divide 282627?
False
Is 87893 a multiple of 35?
False
Does 14 divide 328004?
False
Is 6851869 a multiple of 15?
False
Does 18 divide 12075195?
False
Is 14 a factor of 2888417?
False
Is 176 a factor of 156112?
True
Is 8 a factor of 810877?
False
Is 10 a factor of 25270?
True
Does 22 divide 1250614?
False
Does 12 divide 436404?
True
Does 431 divide 5849963?
True
Is 10 a factor of 23740?
True
Is 42 a factor of 4893504?
True
Is 329268 a multiple of 276?
True
Does 1145 divide 2985015?
True
Is 1503076 a multiple of 613?
True
Is 20 a factor of 1204160?
True
Is 17 a factor of 1689133?
False
Is 1188762 a multiple of 6?
True
Does 11 divide 162250?
True
Does 11 divide 501512?
True
Does 24 divide 223272?
True
Is 14 a factor of 55048?
True
Does 15 divide 15846131?
False
Does 20 divide 228179?
False
Does 8 divide 21856?
True
Does 10 divide 468610?
True
Does 66 divide 1465332?
True
Does 53 divide 1891888?
True
Is 133 a factor of 925815?
False
Is 76 a factor of 583376?
True
Does 242 divide 470433?
False
Is 158 a factor of 192444?
True
Does 22 divide 11181676?
True
Does 7 divide 941227?
True
Does 178 divide 168778?
False
Is 230214 a multiple of 9?
False
Is 14 a factor of 290822?
True
Does 85 divide 1181397?
False
Is 17372214 a multiple of 62?
True
Is 23 a factor of 275310?
True
Is 281 a factor of 1284732?
True
Does 335 divide 4589?
False
Is 67 a factor of 111389?
False
Is 3148464 a multiple of 176?
True
Is 20 a factor of 137780?
True
Is 3897373 a multiple of 23?
True
Is 53746 a multiple of 11?
True
Does 15 divide 206363?
False
Is 290640 a multiple of 80?
True
Does 133 divide 191543?
False
Is 1606555 a multiple of 18?
False
Does 605 divide 1983795?
True
Is 731473 a multiple of 46?
False
Is 116451 a multiple of 171?
True
Does 341 divide 3011371?
True
Is 988 a factor of 2974868?
True
Does 605 divide 15952640?
True
Is 242456 a multiple of 2?
True
Is 519 a factor of 6651399?
False
Is 22724 a multiple of 26?
True
Is 132769 a multiple of 276?
False
Is 9 a factor of 4721913?
True
Is 89 a factor of 487275?
True
Does 10 divide 115456?
False
Does 88 divide 115192?
True
Does 5 divide 98550?
True
Is 6333893 a multiple of 99?
False
Is 2550288 a multiple of 793?
True
Is 251 a factor of 3495175?
True
Does 32 divide 2950432?
True
Is 1793916 a multiple of 6?
True
Is 18499 a multiple of 47?
False
Does 69 divide 713460?
True
Does 13 divide 4012?
False
Is 145894 a multiple of 220?
False
Is 419288 a multiple of 17?
True
Does 12 divide 85236?
True
Does 1357 divide 8025870?
False
Is 16 a factor of 270717?
False
Does 18 divide 151869?
False
Does 6 divide 271268?
False
Is 259998 a multiple of 102?
True
Is 3187826 a multiple of 476?
False
Does 2 divide 73667?
False
Is 220 a factor of 373340?
True
Is 112 a factor of 220038?
False
Is 813052 a multiple of 212?
False
Does 18 divide 4316238?
True
Does 9 divide 3197808?
True
Is 1225 a factor of 3931025?
True
Does 89 divide 165176?
False
Does 74 divide 278906?
True
Is 715743 a multiple of 31?
False
Is 81 a factor of 2167696?
False
Is 21272020 a multiple of 70?
True
Is 124 a factor of 137641?
False
Does 17 divide 98549?
True
Is 113997 a multiple of 111?
True
Does 17 divide 7264070?
False
Is 1152844 a multiple of 55?
False
Is 769350 a multiple of 23?
True
Does 14 divide 68589?
False
Is 4931 a multiple of 54?
False
Is 51 a factor of 79494?
False
Does 29 divide 957609?
True
Is 118186 a multiple of 54?
False
Does 47 divide 21056?
True
Is 16 a factor of 284656?
True
Is 980577 a multiple of 493?
True
Is 112 a factor of 794080?
True
Is 110 a factor of 440330?
True
Is 2105010 a multiple of 152?
False
Does 19 divide 97014?
True
Is 21158490 a multiple of 17?
False
Is 7846 a multiple of 173?
False
Is 10 a factor of 149952?
False
Does 89 divide 578144?
True
Is 47 a factor 